ase 9.
2807456
-12330011 (base 4) to base 13
-cc23
Convert 3250126 (base 9) to base 4.
12222012303
22233201 (base 4) to base 8
125741
What is 54542454 (base 6) in base 10?
1630978
What is -a51b4 (base 13) in base 14?
-7a2bd
2ec5f (base 16) to base 6
4034543
3332122313 (base 4) to base 6
34200315
-576614 (base 8) to base 12
-954b8
-433a3b (base 13) to base 5
-401013221
-1111101110010011 (base 2) to base 3
-10021100022
Convert -4221204 (base 6) to base 7.
-1512562
1a61 (base 13) to base 12
2366
What is 161266 (base 8) in base 5?
3324123
-5056223 (base 7) to base 5
-123234143
Convert -403503 (base 7) to base 4.
-100232121
660a3 (base 11) to base 10
95945
Convert 1297a3 (base 11) to base 9.
338747
Convert 243213 (base 9) to base 15.
2d703
10011100110101001 (base 2) to base 9
132128
Convert 2011110012112 (base 3) to base 4.
10120320233
What is -2b817 (base 16) in base 2?
-101011100000010111
Convert 254511325 (base 6) to base 8.
23012305
-12210131133 (base 4) to base 14
-32b8ab
Convert 120303232 (base 4) to base 7.
602152
What is 10110100010010110100100 (base 2) in base 6?
330343140
-37262104 (base 8) to base 4
-133112101010
b461b9 (base 12) to base 14
539885
11111101101111111100111 (base 2) to base 5
4112033410
Convert 1025b0 (base 12) to base 11.
163208
Convert -19922503 (base 10) to base 15.
-1b37e6d
What is 2b5a419 (base 12) in base 3?
121121122102010
What is -711605 (base 9) in base 4?
-1212310010
What is 10323420 (base 6) in base 5?
34303120
What is 1286971 (base 12) in base 13?
9b2654
Convert 6653365 (base 8) to base 2.
110110101011011110101
Convert 40a1 (base 14) to base 16.
2b6d
What is -211013110 (base 4) in base 2?
-100101000111010100
-21121012112 (base 3) to base 6
-3112322
What is c8817 (base 14) in base 2?
1110110010010110101
Convert -250a009 (base 11) to base 6.
-233253012
What is -31155244 (base 6) in base 14?
-196976
-1101113332 (base 4) to base 7
-2555515
What is 3142231 (base 5) in base 15?
109b1
129934 (base 12) to base 7
2416414
Convert 743015 (base 9) to base 8.
1536674
Convert -39600 (base 11) to base 2.
-1101110100110100
1332233240 (base 5) to base 3
20101200211010
What is -103678 (base 10) in base 3?
-12021012221
What is 5224345 (base 6) in base 12?
1020b5
Convert 11310331332 (base 4) to base 6.
52424330
Convert -859315 (base 13) to base 15.
-41d667
Convert 10555515 (base 8) to base 4.
20231231031
Convert -4246474 (base 8) to base 13.
-30914b
-1331101 (base 5) to base 13
-c3bc
-1011110101011000111010 (base 2) to base 16
-2f563a
Convert -222424131 (base 5) to base 2.
-11110000000000000001
Convert -c0cac (base 14) to base 6.
-13533452
Convert -50035 (base 10) to base 15.
-ec5a
What is -193b73 (base 13) in base 9?
-1170571
Convert -65213 (base 11) to base 15.
-1d122
Convert -4534d9 (base 14) to base 13.
-644a7c
What is -52899 (base 10) in base 5?
-3143044
What is 101265 (base 10) in base 12?
4a729
What is 15d6a (base 16) in base 10?
89450
Convert -2130230000 (base 4) to base 15.
-ca262
-ab24c (base 15) to base 11
-341702
2161433 (base 8) to base 12
241077
What is 11020200000 (base 3) in base 8?
243210
What is 2442442031 (base 5) in base 9?
11862165
What is 322313102 (base 5) in base 3?
2120120222111
Convert -2884e (base 16) to base 8.
-504116
-1464755 (base 10) to base 7
-15310265
What is 254496 (base 11) in base 13?
110811
Convert 35021410 (base 7) to base 5.
1241023342
Convert -42521521 (base 8) to base 9.
-18077307
Convert 61018 (base 9) to base 2.
1001110010110000
95ce6 (base 15) to base 2
1110100000100011000
-53b7ba (base 13) to base 7
-22503410
Convert -303302312 (base 4) to base 6.
-4314102
What is -1ad51 (base 15) in base 5?
-10244001
What is -1446032 (base 9) in base 15?
-10b7de
What is 1320557 (base 10) in base 12?
538265
-1001111101100 (base 2) to base 14
-1c04
What is 121202120000 (base 3) in base 14?
88333
What is 102011200020 (base 3) in base 12?
a7329
-41343 (base 14) to base 10
-157055
2040213 (base 5) to base 6
420304
Convert 3921362 (base 10) to base 5.
2000440422
Convert 1324688 (base 9) to base 12.
2ab808
-65054a (base 12) to base 16
-18600a
Convert 19b3b (base 13) to base 15.
ed48
Convert 2c5ca (base 13) to base 12.
40a95
What is 10110022011 (base 4) in base 13?
307b1b
What is -2451551 (base 7) in base 15?
-635a5
Convert -3643363 (base 8) to base 12.
-403497
11464 (base 12) to base 11
16405
What is 221312210 (base 4) in base 7?
1312535
-9c7c7 (base 13) to base 15
-5958e
Convert 2312031333 (base 4) to base 7.
6225666
-1021301213 (base 4) to base 13
-a770b
What is 38779 (base 14) in base 16?
21db7
Convert -3731aa (base 11) to base 6.
-20350522
Convert -6a89487 (base 11) to base 15.
-11450c7
465328 (base 10) to base 6
13550144
Convert 1856030 (base 9) to base 5.
231303124
What is 212830 (base 10) in base 11?
1359a2
What is c37596 (base 13) in base 3?
22120112210000
Convert -104251 (base 7) to base 13.
-8449
What is 320323322 (base 5) in base 10?
1339212
Convert -10100100000011100010001 (base 2) to base 3.
-101010010011021
1c871 (base 14) to base 8
216463
What is -146b5 (base 14) in base 3?
-2120120210
Convert -24403512 (base 6) to base 16.
-be0c4
What is -223573 (base 10) in base 16?
-36955
Convert -1117080 (base 11) to base 14.
-38d0d4
What is -498111 (base 10) in base 13?
-145953
-1360101 (base 9) to base 7
-6233602
Convert -6a1c3a (base 14) to base 15.
-4b6737
What is -214122 (base 6) in base 2?
-100010101100010
Convert -50185 (base 10) to base 5.
-3101220
What is -1110101011110010100 (base 2) in base 6?
-14151352
What is -132a5 (base 13) in base 6?
-432533
What is -2020103300 (base 4) in base 7?
-4513520
What is -4361415 (base 7) in base 2?
-10000010110110100110
-1230425 (base 6) to base 2
-10000001011010001
-2528c32 (base 13) to base 14
-1778882
4332354 (base 6) to base 11
137102
Convert -19863 (base 15) to base 11.
-57308
Convert -672572 (base 10) to base 7.
-5500565
What is 142a2 (base 15) in base 3?
10021210022
111111110111100111100 (base 2) to base 10
2092860
What is 253095 (base 12) in base 14?
11b117
What is 221343332 (base 5) in base 3?
1211001101001
What is -8c0844 (base 14) in base 8?
-22133034
What is -73c71 (base 13) in base 14?
-5606a
What is 211208 (base 10) in base 5?
23224313
-1000111000011111111100 (base 2) to base 3
-11101022012102
Convert 8c7c (base 16) to base 7.
206565
What is -1108033 (base 10) in base 14?
-20bb33
Convert -121112222100 (base 3) to base 10.
-325845
-111243 (base 10) to base 5
-12024433
Convert 11527578 (base 10) to base 15.
102a8a3
Convert -27b096b (base 12) to base 8.
-36232143
What is 77269 (base 10) in base 12?
38871
What is 13d35 (base 14) in base 7?
263365
What is 25286d (base 15) in base 7?
21064021
Convert -88148 (base 10) to base 12.
-43018
What is 113051 (base 8) in base 7?
220034
Convert -196613 (base 10) to base 2.
-110000000000000101
Convert -49874 (base 15) to base 13.
-82b34
What is -2156161 (base 8) in base 15?
-b70eb
b45599 (base 13) to base 14
7b85a7
Convert 10202121011 (base 3) to base 16.
12151
What is 45521 (base 10) in base 4?
23013101
Convert -513011 (base 9) to base 15.
-6011d
What is 1464866 (base 11) in base 4?
21210302113
What is -88f4 (base 16) in base 6?
-430152
Convert 199482 (base 12) to base 10.
451682
Convert 1219d (base 16) to base 2.
10010000110011101
Convert -a239c6 (base 13) to base 10.
-3778326
Convert 101100021111000 (base 3) to base 5.
2401401021
Convert -308832 (base 10) to base 6.
-10341440
Convert -3536541 (base 7) to base 6.
-13323113
What is 110121221112 (base 3) in base 14?
66817
-27b674 (base 14) to base 15
-1c2a9c
b27500 (base 13) to base 3
21211020010001
Convert 3483617 (base 9) to base 11.
107882a
Convert -2234332302 (base 5) to base 14.
-94097a
Convert 6867 (base 14) to base 6.
215523
-14907e (base 15) to base 7
-11302130
Convert -1000001111111 (base 2) to base 5.
-113343
What is 150808 (base 9) in base 8?
264536
401555 (base 7) to base 8
204420
Convert 32121320111 (base 4) to base 5.
1431313041
What is b818e (base 16) in base 15?
ed65c
Convert -88d (base 14) to base 9.
-2281
-251d28 (base 15) to base 8
-6621045
Convert 493860 (base 12) to base 13.
327b94
What is -102222220200111 (base 3) in base 2?
-11000010100100010110100
What is -11599135 (base 10) in base 9?
-23738017
3221907 (base 11) to base 12
1a94466
What i